nder when 135106 is divided by 22515.
16
Calculate the remainder when 947957 is divided by 13.
10
What is the remainder when 223775 is divided by 96?
95
Calculate the remainder when 26628 is divided by 25.
3
Calculate the remainder when 1015 is divided by 248.
23
Calculate the remainder when 93467 is divided by 531.
11
Calculate the remainder when 99709 is divided by 118.
117
What is the remainder when 80399 is divided by 46?
37
What is the remainder when 478959 is divided by 33?
30
Calculate the remainder when 4634 is divided by 137.
113
What is the remainder when 45319 is divided by 37?
31
Calculate the remainder when 241 is divided by 80.
1
Calculate the remainder when 25446 is divided by 850.
796
What is the remainder when 484497 is divided by 100?
97
What is the remainder when 5805 is divided by 1952?
1901
Calculate the remainder when 93257 is divided by 11643.
113
Calculate the remainder when 9261 is divided by 1718.
671
Calculate the remainder when 26366 is divided by 799.
798
What is the remainder when 3234 is divided by 71?
39
Calculate the remainder when 4290 is divided by 666.
294
What is the remainder when 6185 is divided by 2898?
389
What is the remainder when 20778 is divided by 6924?
6
Calculate the remainder when 253742 is divided by 903.
902
What is the remainder when 896951 is divided by 495?
11
Calculate the remainder when 16275 is divided by 29.
6
Calculate the remainder when 320899 is divided by 50.
49
Calculate the remainder when 8673 is divided by 4321.
31
What is the remainder when 16534 is divided by 791?
714
What is the remainder when 41883 is divided by 283?
282
What is the remainder when 2177 is divided by 294?
119
What is the remainder when 53859 is divided by 2689?
79
What is the remainder when 3566177 is divided by 651?
650
Calculate the remainder when 33082 is divided by 6610.
32
What is the remainder when 1010 is divided by 504?
2
Calculate the remainder when 222279 is divided by 61.
56
What is the remainder when 14640 is divided by 156?
132
Calculate the remainder when 49118 is divided by 16368.
14
What is the remainder when 1915 is divided by 7?
4
What is the remainder when 37737 is divided by 42?
21
What is the remainder when 780 is divided by 33?
21
What is the remainder when 5929 is divided by 1469?
53
What is the remainder when 25787 is divided by 6?
5
What is the remainder when 79124 is divided by 25?
24
Calculate the remainder when 24891 is divided by 100.
91
What is the remainder when 101798 is divided by 722?
718
What is the remainder when 81405 is divided by 159?
156
What is the remainder when 16811 is divided by 116?
107
Calculate the remainder when 224 is divided by 29.
21
Calculate the remainder when 3875 is divided by 3825.
50
What is the remainder when 3182 is divided by 791?
18
Calculate the remainder when 120046 is divided by 50.
46
Calculate the remainder when 124191 is divided by 1514.
43
Calculate the remainder when 562 is divided by 258.
46
What is the remainder when 78978 is divided by 84?
18
What is the remainder when 55064 is divided by 53?
50
Calculate the remainder when 288604 is divided by 402.
370
What is the remainder when 2769 is divided by 686?
25
What is the remainder when 5759 is divided by 472?
95
Calculate the remainder when 18831 is divided by 442.
267
What is the remainder when 2472 is divided by 494?
2
Calculate the remainder when 68310 is divided by 6817.
140
Calculate the remainder when 9276 is divided by 310.
286
Calculate the remainder when 11274 is divided by 27.
15
Calculate the remainder when 12631 is divided by 67.
35
Calculate the remainder when 2109 is divided by 381.
204
What is the remainder when 60044 is divided by 247?
23
What is the remainder when 14367 is divided by 651?
45
What is the remainder when 22041 is divided by 1918?
943
Calculate the remainder when 5423 is divided by 1334.
87
Calculate the remainder when 37255 is divided by 9.
4
Calculate the remainder when 8282 is divided by 1182.
8
Calculate the remainder when 20504 is divided by 281.
272
What is the remainder when 31314 is divided by 31314?
0
Calculate the remainder when 1675 is divided by 192.
139
Calculate the remainder when 62510 is divided by 2500.
10
What is the remainder when 1705 is divided by 181?
76
What is the remainder when 4451 is divided by 165?
161
What is the remainder when 637 is divided by 2?
1
What is the remainder when 4455 is divided by 613?
164
What is the remainder when 35487 is divided by 1115?
922
Calculate the remainder when 2884 is divided by 226.
172
Calculate the remainder when 219836 is divided by 211.
185
What is the remainder when 7807 is divided by 3797?
213
Calculate the remainder when 26530 is divided by 510.
10
Calculate the remainder when 38872 is divided by 66.
64
Calculate the remainder when 1315 is divided by 397.
124
Calculate the remainder when 8904 is divided by 2198.
112
Calculate the remainder when 75671 is divided by 482.
479
What is the remainder when 509946 is divided by 33?
30
What is the remainder when 56972 is divided by 7?
6
What is the remainder when 19793 is divided by 71?
55
Calculate the remainder when 50445 is divided by 16805.
30
What is the remainder when 9738 is divided by 4865?
8
What is the remainder when 145247 is divided by 89?
88
Calculate the remainder when 111979 is divided by 69.
61
What is the remainder when 1555 is divided by 276?
175
What is the remainder when 81370 is divided by 15?
10
Calculate the remainder when 200767 is divided by 84.
7
Calculate the remainder when 7697 is divided by 1104.
1073
What is the remainder when 4927 is divided by 34?
31
What is the remainder when 1348 is divided by 449?
1
What is the remainder when 2892 is divided by 747?
651
What is the remainder when 34701 is divided by 35?
16
Calculate the remainder when 26021 is divided by 24.
5
Calculate the remainder when 20004 is divided by 179.
135
Calculate the remainder when 8807 is divided by 1464.
23
What is the remainder when 2498 is divided by 32?
2
What is the remainder when 3643 is divided by 384?
187
Calculate the remainder when 24619 is divided by 7.
0
What is the remainder when 597307 is divided by 36?
31
What is the remainder when 11426 is divided by 561?
206
What is the remainder when 4690 is divided by 100?
90
What is the remainder when 1439 is divided by 8?
7
Calculate the remainder when 67188 is divided by 227.
223
What is the remainder when 155390 is divided by 170?
10
What is the remainder when 1382 is divided by 143?
95
What is the remainder when 117097 is divided by 29234?
161
Calculate the remainder when 41179 is divided by 23.
9
Calculate the remainder when 3993 is divided by 75.
18
Calculate the remainder when 48674 is divided by 12104.
258
What is the remainder when 23767 is divided by 11877?
13
What is the remainder when 258873 is divided by 125?
123
Calculate the remainder when 41598 is divided by 31.
27
Calculate the remainder when 5066101 is divided by 17.
16
Calculate the remainder when 19987 is divided by 6657.
16
Calculate the remainder when 1215 is divided by 78.
45
Calculate the remainder when 94318 is divided by 131.
129
Calculate the remainder when 139499 is divided by 13948.
19
Calculate the remainder when 28667 is divided by 256.
251
What is the remainder when 75830 is divided by 24?
14
What is the remainder when 3917 is divided by 976?
13
What is the remainder when 8355 is divided by 441?
417
Calculate the remainder when 1673 is divided by 226.
91
What is the remainder when 325627 is divided by 808?
3
What is the remainder when 3406697 is divided by 190?
187
What is the remainder when 245310 is divided by 134?
90
What is the remainder when 93261 is divided by 15543?
3
Calculate the remainder when 2330 is divided by 7.
6
Calculate the remainder when 32241 is divided by 10744.
9
What is the remainder when 7054 is divided by 3523?
8
Calculate the remainder when 648732 is divided by 224.
28
Calculate the remainder when 9719 is divided by 138.
59
What is the remainder when 1761 is divided by 588?
585
Calculate the remainder when 16266 is divided by 73.
60
What is the remainder when 494009 is divided by 499?
498
Calculate the remainder when 3006 is divided by 2869.
137
What is the remainder when 1058 is divided by 96